{"id":71,"date":"2024-11-14T13:01:55","date_gmt":"2024-11-14T12:01:55","guid":{"rendered":"https:\/\/quierosaldo.com\/?page_id=71"},"modified":"2024-11-14T18:54:20","modified_gmt":"2024-11-14T17:54:20","slug":"principal","status":"publish","type":"page","link":"https:\/\/quierosaldo.com\/","title":{"rendered":"QuieroSaldo"},"content":{"rendered":"\t\t<div data-elementor-type=\"wp-page\" data-elementor-id=\"71\" class=\"elementor elementor-71\" data-elementor-post-type=\"page\">\n\t\t\t\t\t\t<section class=\"elementor-section elementor-top-section elementor-element elementor-element-13b4a0bb elementor-section-height-min-height elementor-section-stretched elementor-section-boxed elementor-section-height-default elementor-section-items-middle\" data-id=\"13b4a0bb\" data-element_type=\"section\" data-settings=\"{&quot;stretch_section&quot;:&quot;section-stretched&quot;}\">\n\t\t\t\t\t\t\t<div class=\"elementor-background-overlay\"><\/div>\n\t\t\t\t\t\t\t<div class=\"elementor-container elementor-column-gap-default\">\n\t\t\t\t\t<div class=\"elementor-column elementor-col-100 elementor-top-column elementor-element elementor-element-5febc5aa\" data-id=\"5febc5aa\" data-element_type=\"column\">\n\t\t\t<div class=\"elementor-widget-wrap elementor-element-populated\">\n\t\t\t\t\t\t<div class=\"elementor-element elementor-element-49d39f36 elementor-widget elementor-widget-heading\" data-id=\"49d39f36\" data-element_type=\"widget\" data-widget_type=\"heading.default\">\n\t\t\t\t<div class=\"elementor-widget-container\">\n\t\t\t<h2 class=\"elementor-heading-title elementor-size-large\">bonos<br>telef\u00f3nicos<br>quierosaldo<\/h2>\t\t<\/div>\n\t\t\t\t<\/div>\n\t\t\t\t<div class=\"elementor-element elementor-element-5c97f582 elementor-widget elementor-widget-text-editor\" data-id=\"5c97f582\" data-element_type=\"widget\" data-widget_type=\"text-editor.default\">\n\t\t\t\t<div class=\"elementor-widget-container\">\n\t\t\t\t\t\t\t<p>Comra bonos de minutos para nuestra l\u00ednea telef\u00f3nica de contactos.<\/p>\t\t\t\t\t\t<\/div>\n\t\t\t\t<\/div>\n\t\t\t\t<div class=\"elementor-element elementor-element-b995a92 elementor-mobile-align-center elementor-align-center elementor-widget elementor-widget-button\" data-id=\"b995a92\" data-element_type=\"widget\" data-widget_type=\"button.default\">\n\t\t\t\t<div class=\"elementor-widget-container\">\n\t\t\t\t\t\t\t<div class=\"elementor-button-wrapper\">\n\t\t\t\t\t<a class=\"elementor-button elementor-button-link elementor-size-lg\" href=\"http:\/\/tpvseguro.premiumnumbers.es\/servicios\/tpv\/saldo\/llamante\/seguro\/546\/1089293\/9bfd0dd8979ccd0b91c5736d4ec86bea5c2ae2fc\">\n\t\t\t\t\t\t<span class=\"elementor-button-content-wrapper\">\n\t\t\t\t\t\t\t\t\t<span class=\"elementor-button-text\">\u00a1compra saldo ahora!<\/span>\n\t\t\t\t\t<\/span>\n\t\t\t\t\t<\/a>\n\t\t\t\t<\/div>\n\t\t\t\t\t\t<\/div>\n\t\t\t\t<\/div>\n\t\t\t\t<div class=\"elementor-element elementor-element-17b42c28 elementor-mobile-align-center elementor-align-center elementor-widget elementor-widget-button\" data-id=\"17b42c28\" data-element_type=\"widget\" data-widget_type=\"button.default\">\n\t\t\t\t<div class=\"elementor-widget-container\">\n\t\t\t\t\t\t\t<div class=\"elementor-button-wrapper\">\n\t\t\t\t\t<a class=\"elementor-button elementor-button-link elementor-size-lg\" href=\"tel:+34919996516\">\n\t\t\t\t\t\t<span class=\"elementor-button-content-wrapper\">\n\t\t\t\t\t\t\t\t\t<span class=\"elementor-button-text\">llama al 919996516<\/span>\n\t\t\t\t\t<\/span>\n\t\t\t\t\t<\/a>\n\t\t\t\t<\/div>\n\t\t\t\t\t\t<\/div>\n\t\t\t\t<\/div>\n\t\t\t\t\t<\/div>\n\t\t<\/div>\n\t\t\t\t\t<\/div>\n\t\t<\/section>\n\t\t\t\t<section class=\"elementor-section elementor-top-section elementor-element elementor-element-4395d848 elementor-section-stretched elementor-section-boxed elementor-section-height-default elementor-section-height-default\" data-id=\"4395d848\" data-element_type=\"section\" data-settings=\"{&quot;stretch_section&quot;:&quot;section-stretched&quot;}\">\n\t\t\t\t\t\t<div class=\"elementor-container elementor-column-gap-default\">\n\t\t\t\t\t<div class=\"elementor-column elementor-col-100 elementor-top-column elementor-element elementor-element-7e7f7b7c\" data-id=\"7e7f7b7c\" data-element_type=\"column\">\n\t\t\t<div class=\"elementor-widget-wrap elementor-element-populated\">\n\t\t\t\t\t\t<div class=\"elementor-element elementor-element-48e55602 elementor-view-default elementor-position-top elementor-mobile-position-top elementor-widget elementor-widget-icon-box\" data-id=\"48e55602\" data-element_type=\"widget\" data-widget_type=\"icon-box.default\">\n\t\t\t\t<div class=\"elementor-widget-container\">\n\t\t\t\t\t<div class=\"elementor-icon-box-wrapper\">\n\n\t\t\t\t\t\t<div class=\"elementor-icon-box-icon\">\n\t\t\t\t<span  class=\"elementor-icon elementor-animation-\">\n\t\t\t\t<svg aria-hidden=\"true\" class=\"e-font-icon-svg e-far-id-badge\" viewBox=\"0 0 384 512\" xmlns=\"http:\/\/www.w3.org\/2000\/svg\"><path d=\"M336 0H48C21.5 0 0 21.5 0 48v416c0 26.5 21.5 48 48 48h288c26.5 0 48-21.5 48-48V48c0-26.5-21.5-48-48-48zm0 464H48V48h288v416zM144 112h96c8.8 0 16-7.2 16-16s-7.2-16-16-16h-96c-8.8 0-16 7.2-16 16s7.2 16 16 16zm48 176c35.3 0 64-28.7 64-64s-28.7-64-64-64-64 28.7-64 64 28.7 64 64 64zm-89.6 128h179.2c12.4 0 22.4-8.6 22.4-19.2v-19.2c0-31.8-30.1-57.6-67.2-57.6-10.8 0-18.7 8-44.8 8-26.9 0-33.4-8-44.8-8-37.1 0-67.2 25.8-67.2 57.6v19.2c0 10.6 10 19.2 22.4 19.2z\"><\/path><\/svg>\t\t\t\t<\/span>\n\t\t\t<\/div>\n\t\t\t\n\t\t\t\t\t\t<div class=\"elementor-icon-box-content\">\n\n\t\t\t\t\t\t\t\t\t<h3 class=\"elementor-icon-box-title\">\n\t\t\t\t\t\t<span  >\n\t\t\t\t\t\t\t\u00bfque es quierosaldo?\t\t\t\t\t\t<\/span>\n\t\t\t\t\t<\/h3>\n\t\t\t\t\n\t\t\t\t\t\t\t\t\t<p class=\"elementor-icon-box-description\">\n\t\t\t\t\t\tQuierosaldo es una plataforma de contactos entre hombres. Nuestro servicio es 100% an\u00f3nimo.<br>Llama a nuestro tel\u00e9fono, deja tu mensaje de presentaci\u00f3n y empezar\u00e1s a conocer a otros chicos. <br>Podr\u00e1s hablar con ellos en tiempo real o dejarles mensajes privados.\t\t\t\t\t<\/p>\n\t\t\t\t\n\t\t\t<\/div>\n\t\t\t\n\t\t<\/div>\n\t\t\t\t<\/div>\n\t\t\t\t<\/div>\n\t\t\t\t\t<\/div>\n\t\t<\/div>\n\t\t\t\t\t<\/div>\n\t\t<\/section>\n\t\t\t\t<section class=\"elementor-section elementor-top-section elementor-element elementor-element-53ce6ce4 elementor-section-stretched elementor-section-boxed elementor-section-height-default elementor-section-height-default\" data-id=\"53ce6ce4\" data-element_type=\"section\" data-settings=\"{&quot;background_background&quot;:&quot;classic&quot;,&quot;stretch_section&quot;:&quot;section-stretched&quot;}\">\n\t\t\t\t\t\t<div class=\"elementor-container elementor-column-gap-default\">\n\t\t\t\t\t<div class=\"elementor-column elementor-col-100 elementor-top-column elementor-element elementor-element-2cf74818\" data-id=\"2cf74818\" data-element_type=\"column\">\n\t\t\t<div class=\"elementor-widget-wrap elementor-element-populated\">\n\t\t\t\t\t\t<div class=\"elementor-element elementor-element-20d98da2 elementor-widget elementor-widget-menu-anchor\" data-id=\"20d98da2\" data-element_type=\"widget\" data-widget_type=\"menu-anchor.default\">\n\t\t\t\t<div class=\"elementor-widget-container\">\n\t\t\t\t\t<div class=\"elementor-menu-anchor\" id=\"pricing\"><\/div>\n\t\t\t\t<\/div>\n\t\t\t\t<\/div>\n\t\t\t\t<div class=\"elementor-element elementor-element-5aacabd6 elementor-widget elementor-widget-heading\" data-id=\"5aacabd6\" data-element_type=\"widget\" data-widget_type=\"heading.default\">\n\t\t\t\t<div class=\"elementor-widget-container\">\n\t\t\t<h3 class=\"elementor-heading-title elementor-size-large\">OFERTA DE LANZAMIENTO<\/h3>\t\t<\/div>\n\t\t\t\t<\/div>\n\t\t\t\t<div class=\"elementor-element elementor-element-4293749 elementor-widget elementor-widget-heading\" data-id=\"4293749\" data-element_type=\"widget\" data-widget_type=\"heading.default\">\n\t\t\t\t<div class=\"elementor-widget-container\">\n\t\t\t<h3 class=\"elementor-heading-title elementor-size-large\">\u00a110 MINUTOS gratis TODOS LOS D\u00cdAS!<\/h3>\t\t<\/div>\n\t\t\t\t<\/div>\n\t\t\t\t<div class=\"elementor-element elementor-element-e6e2cda elementor-mobile-align-center elementor-align-center elementor-widget elementor-widget-button\" data-id=\"e6e2cda\" data-element_type=\"widget\" data-widget_type=\"button.default\">\n\t\t\t\t<div class=\"elementor-widget-container\">\n\t\t\t\t\t\t\t<div class=\"elementor-button-wrapper\">\n\t\t\t\t\t<a class=\"elementor-button elementor-button-link elementor-size-lg\" href=\"tel:+34919996516\">\n\t\t\t\t\t\t<span class=\"elementor-button-content-wrapper\">\n\t\t\t\t\t\t\t\t\t<span class=\"elementor-button-text\">919996516<\/span>\n\t\t\t\t\t<\/span>\n\t\t\t\t\t<\/a>\n\t\t\t\t<\/div>\n\t\t\t\t\t\t<\/div>\n\t\t\t\t<\/div>\n\t\t\t\t\t<\/div>\n\t\t<\/div>\n\t\t\t\t\t<\/div>\n\t\t<\/section>\n\t\t\t\t<\/div>\n\t\t","protected":false},"excerpt":{"rendered":"<p>bonostelef\u00f3nicosquierosaldo Comra bonos de minutos para nuestra l\u00ednea telef\u00f3nica de contactos. \u00a1compra saldo ahora! llama al 919996516 \u00bfque es quierosaldo? Quierosaldo es una plataforma de contactos entre hombres. Nuestro servicio es 100% an\u00f3nimo.Llama a nuestro tel\u00e9fono, deja tu mensaje de presentaci\u00f3n y empezar\u00e1s a conocer a otros chicos. Podr\u00e1s hablar con ellos en tiempo real [&hellip;]<\/p>\n","protected":false},"author":1,"featured_media":0,"parent":0,"menu_order":0,"comment_status":"closed","ping_status":"closed","template":"elementor_header_footer","meta":{"footnotes":""},"class_list":["post-71","page","type-page","status-publish","hentry"],"yoast_head":"<!-- This site is optimized with the Yoast SEO plugin v23.3 - https:\/\/yoast.com\/wordpress\/plugins\/seo\/ -->\n<title>QuieroSaldo - No Blog Title Set<\/title>\n<meta name=\"robots\" content=\"index, follow, max-snippet:-1, max-image-preview:large, max-video-preview:-1\" \/>\n<link rel=\"canonical\" href=\"https:\/\/quierosaldo.com\/\" \/>\n<meta property=\"og:locale\" content=\"es_ES\" \/>\n<meta property=\"og:type\" content=\"article\" \/>\n<meta property=\"og:title\" content=\"QuieroSaldo - No Blog Title Set\" \/>\n<meta property=\"og:description\" content=\"bonostelef\u00f3nicosquierosaldo Comra bonos de minutos para nuestra l\u00ednea telef\u00f3nica de contactos. \u00a1compra saldo ahora! llama al 919996516 \u00bfque es quierosaldo? Quierosaldo es una plataforma de contactos entre hombres. Nuestro servicio es 100% an\u00f3nimo.Llama a nuestro tel\u00e9fono, deja tu mensaje de presentaci\u00f3n y empezar\u00e1s a conocer a otros chicos. Podr\u00e1s hablar con ellos en tiempo real [&hellip;]\" \/>\n<meta property=\"og:url\" content=\"https:\/\/quierosaldo.com\/\" \/>\n<meta property=\"og:site_name\" content=\"No Blog Title Set\" \/>\n<meta property=\"article:modified_time\" content=\"2024-11-14T17:54:20+00:00\" \/>\n<meta name=\"twitter:card\" content=\"summary_large_image\" \/>\n<meta name=\"twitter:label1\" content=\"Tiempo de lectura\" \/>\n\t<meta name=\"twitter:data1\" content=\"1 minuto\" \/>\n<script type=\"application\/ld+json\" class=\"yoast-schema-graph\">{\"@context\":\"https:\/\/schema.org\",\"@graph\":[{\"@type\":\"WebPage\",\"@id\":\"https:\/\/quierosaldo.com\/\",\"url\":\"https:\/\/quierosaldo.com\/\",\"name\":\"QuieroSaldo - No Blog Title Set\",\"isPartOf\":{\"@id\":\"https:\/\/quierosaldo.com\/#website\"},\"datePublished\":\"2024-11-14T12:01:55+00:00\",\"dateModified\":\"2024-11-14T17:54:20+00:00\",\"breadcrumb\":{\"@id\":\"https:\/\/quierosaldo.com\/#breadcrumb\"},\"inLanguage\":\"es\",\"potentialAction\":[{\"@type\":\"ReadAction\",\"target\":[\"https:\/\/quierosaldo.com\/\"]}]},{\"@type\":\"BreadcrumbList\",\"@id\":\"https:\/\/quierosaldo.com\/#breadcrumb\",\"itemListElement\":[{\"@type\":\"ListItem\",\"position\":1,\"name\":\"Portada\",\"item\":\"https:\/\/quierosaldo.com\/\"},{\"@type\":\"ListItem\",\"position\":2,\"name\":\"QuieroSaldo\"}]},{\"@type\":\"WebSite\",\"@id\":\"https:\/\/quierosaldo.com\/#website\",\"url\":\"https:\/\/quierosaldo.com\/\",\"name\":\"No Blog Title Set\",\"description\":\"\",\"potentialAction\":[{\"@type\":\"SearchAction\",\"target\":{\"@type\":\"EntryPoint\",\"urlTemplate\":\"https:\/\/quierosaldo.com\/?s={search_term_string}\"},\"query-input\":\"required name=search_term_string\"}],\"inLanguage\":\"es\"}]}<\/script>\n<!-- \/ Yoast SEO plugin. -->","yoast_head_json":{"title":"QuieroSaldo - No Blog Title Set","robots":{"index":"index","follow":"follow","max-snippet":"max-snippet:-1","max-image-preview":"max-image-preview:large","max-video-preview":"max-video-preview:-1"},"canonical":"https:\/\/quierosaldo.com\/","og_locale":"es_ES","og_type":"article","og_title":"QuieroSaldo - No Blog Title Set","og_description":"bonostelef\u00f3nicosquierosaldo Comra bonos de minutos para nuestra l\u00ednea telef\u00f3nica de contactos. \u00a1compra saldo ahora! llama al 919996516 \u00bfque es quierosaldo? Quierosaldo es una plataforma de contactos entre hombres. Nuestro servicio es 100% an\u00f3nimo.Llama a nuestro tel\u00e9fono, deja tu mensaje de presentaci\u00f3n y empezar\u00e1s a conocer a otros chicos. Podr\u00e1s hablar con ellos en tiempo real [&hellip;]","og_url":"https:\/\/quierosaldo.com\/","og_site_name":"No Blog Title Set","article_modified_time":"2024-11-14T17:54:20+00:00","twitter_card":"summary_large_image","twitter_misc":{"Tiempo de lectura":"1 minuto"},"schema":{"@context":"https:\/\/schema.org","@graph":[{"@type":"WebPage","@id":"https:\/\/quierosaldo.com\/","url":"https:\/\/quierosaldo.com\/","name":"QuieroSaldo - No Blog Title Set","isPartOf":{"@id":"https:\/\/quierosaldo.com\/#website"},"datePublished":"2024-11-14T12:01:55+00:00","dateModified":"2024-11-14T17:54:20+00:00","breadcrumb":{"@id":"https:\/\/quierosaldo.com\/#breadcrumb"},"inLanguage":"es","potentialAction":[{"@type":"ReadAction","target":["https:\/\/quierosaldo.com\/"]}]},{"@type":"BreadcrumbList","@id":"https:\/\/quierosaldo.com\/#breadcrumb","itemListElement":[{"@type":"ListItem","position":1,"name":"Portada","item":"https:\/\/quierosaldo.com\/"},{"@type":"ListItem","position":2,"name":"QuieroSaldo"}]},{"@type":"WebSite","@id":"https:\/\/quierosaldo.com\/#website","url":"https:\/\/quierosaldo.com\/","name":"No Blog Title Set","description":"","potentialAction":[{"@type":"SearchAction","target":{"@type":"EntryPoint","urlTemplate":"https:\/\/quierosaldo.com\/?s={search_term_string}"},"query-input":"required name=search_term_string"}],"inLanguage":"es"}]}},"_links":{"self":[{"href":"https:\/\/quierosaldo.com\/index.php?rest_route=\/wp\/v2\/pages\/71","targetHints":{"allow":["GET"]}}],"collection":[{"href":"https:\/\/quierosaldo.com\/index.php?rest_route=\/wp\/v2\/pages"}],"about":[{"href":"https:\/\/quierosaldo.com\/index.php?rest_route=\/wp\/v2\/types\/page"}],"author":[{"embeddable":true,"href":"https:\/\/quierosaldo.com\/index.php?rest_route=\/wp\/v2\/users\/1"}],"replies":[{"embeddable":true,"href":"https:\/\/quierosaldo.com\/index.php?rest_route=%2Fwp%2Fv2%2Fcomments&post=71"}],"version-history":[{"count":51,"href":"https:\/\/quierosaldo.com\/index.php?rest_route=\/wp\/v2\/pages\/71\/revisions"}],"predecessor-version":[{"id":138,"href":"https:\/\/quierosaldo.com\/index.php?rest_route=\/wp\/v2\/pages\/71\/revisions\/138"}],"wp:attachment":[{"href":"https:\/\/quierosaldo.com\/index.php?rest_route=%2Fwp%2Fv2%2Fmedia&parent=71"}],"curies":[{"name":"wp","href":"https:\/\/api.w.org\/{rel}","templated":true}]}}